44 = 2*h. What are the prime factors of s?
2, 5
Suppose -266 = -13*p + 6*p. What are the prime factors of p?
2, 19
Let b be 2/(6/3*-1). What are the prime factors of 2 + 15 - (4 + b)?
2, 7
Let i be -2 + 0 - (-3 + -38). Let k = i + -24. What are the prime factors of k?
3, 5
Suppose o = 3*o - 178. List the prime factors of o.
89
Let p(c) = 3*c - 8. Let u be p(7). Let k = 21 - u. List the prime factors of k.
2
Let y = 8 + -13. Let u = y + 12. List the prime factors of u.
7
Let a be (2/(-4))/(3/(-6)). Suppose -2*j - j = 4*l - 1, 0 = 3*l - 4*j - 7. Let v = l + a. List the prime factors of v.
2
Let d = 5 - 7. Let b(c) = -c**2 - c + 2. Let h be b(d). Suppose 0 = -h*x + 2*x - 22. What are the prime factors of x?
11
Suppose 0 = -5*i - 0*i + z - 46, 4*z = 5*i + 49. List the prime factors of (-39)/i - 1/3.
2
Suppose 13 + 7 = -5*s. List the prime factors of (-1 + -3)/(s/14).
2, 7
Let u be (6/(-4))/(9/(-12)). Suppose 5*n = -2*i + 25, n - 2*i = u*i + 5. List the prime factors of n.
5
Suppose a + 4 = -1. List the prime factors of 2/(-4)*(-25 - a).
2, 5
List the prime factors of 416/((-5)/(-20)*8).
2, 13
Let q(n) = 9*n + 7. Let c(t) = -5*t - 3. Let j(f) = -7*c(f) - 4*q(f). Suppose 11 + 1 = -z. List the prime factors of j(z).
5
What are the prime factors of 71 - ((-4)/1)/(-1)?
67
Suppose -98 - 32 = -5*b. Let z = b - 17. Let r(u) = u**2 - 9*u + 5. What are the prime factors of r(z)?
5
Let v = 19 + 3. List the prime factors of v.
2, 11
Suppose -10 + 205 = 5*x - 5*b, -4*x + 5*b = -158. What are the prime factors of x?
37
Let q(u) = -u**3 + 2*u**2 - 3*u - 6. List the prime factors of q(-4).
2, 3, 17
Let i = 33 - 58. Let x = 35 + i. List the prime factors of x.
2, 5
List the prime factors of 55 - (4 + 2)/(-2).
2, 29
Let z(s) = -s - 4. Let w be z(-9). Let x = 7 - w. Suppose -2*c - k = -9, 4*k + 15 = x*c - k. List the prime factors of c.
5
Let o = 2 - 1. Let j = 1 + o. Let v = j - -2. What are the prime factors of v?
2
Suppose 0 = 4*y - 11 - 25. Suppose -18 - y = -3*w. Suppose -k = -w - 7. What are the prime factors of k?
2
Suppose 4*r - 2*r = -8. Let b = 3 - r. List the prime factors of b.
7
Let u = -9 - -14. Let p(x) = 3*x - 7. What are the prime factors of p(u)?
2
Let s = 15 + -14. Let q(v) = 10*v + 1. List the prime factors of q(s).
11
Let f(p) = p**2 - 2*p - 6. Let w(k) = k**3 - 2*k**2 + 3*k - 1. Let m be w(2). List the prime factors of f(m).
3
Let m(z) = z**2 - z - 1. Let y be -3 - 0 - (-1 + 2). Let f = y - -1. What are the prime factors of m(f)?
11
Suppose 4*x = 3*x - 3. Let w = 5 + x. List the prime factors of w.
2
Let m = -3 - -3. Let d be 12/(-9)*3/(-2). Let i = d + m. What are the prime factors of i?
2
Suppose 5*f = 7*f - 76. List the prime factors of f.
2, 19
Let h(y) = 3*y**3 + 2*y**2 + 5*y - 4. List the prime factors of h(3).
2, 5, 11
Let j(s) = -s**3 + 9*s**2 - 10*s - 1. List the prime factors of j(7).
3
Let f(d) = -d**2 + 7*d - 5. Suppose -11 = -2*t - 1. Let o be f(t). Suppose 0 = 5*l - 2*c - o - 60, -l = -4*c - 13. What are the prime factors of l?
13
Let l = -50 + 118. List the prime factors of l.
2, 17
Let d(i) = 2 - 2*i**2 + 3*i**2 - 8*i - 2*i**2. Suppose 2*z + r + 2*r - 5 = 0, 2*z + 15 = r. What are the prime factors of d(z)?
17
Let d(i) = i**3 - 5*i**2 + 2. Let m be 0/((-3)/(-3)) - -5. Let f be d(m). Suppose 0 = b - f*b + 7. List the prime factors of b.
7
Let b = -2 + 2. Let k be ((-4)/(-4))/(-1 + b). What are the prime factors of 2/(k - 1) + 11?
2, 5
Let l = -29 + 15. Let h = 18 + l. List the prime factors of h.
2
Let o(y) = -y**2 + 4*y - 2. Let b be o(2). Suppose 4*d - 64 = -2*g, 2*g - b*d - 52 = -0*d. List the prime factors of g.
2, 7
Let s(d) = -d**2 - 5 - 12*d + 2*d - 1. Let q be s(-9). Let r(u) = -u**2 + 5*u - 1. List the prime factors of r(q).
5
Suppose -29*f + 430 = -24*f. List the prime factors of f.
2, 43
Let z = -1 - -3. Suppose -3*t = 3*y, -3*y + y = -z*t. What are the prime factors of -2 + 13 - (-1 - t)?
2, 3
Suppose -5*j = -j - 8. Let l(q) = 4*q - 6. Let t be l(-6). What are the prime factors of (t/(-3) - j) + -2?
2, 3
Suppose 0 = -5*r + 15 - 0. Suppose -4 = 2*p - 5*k - 5, -2*k - 46 = r*p. List the prime factors of (p/18)/(2/(-12)).
2
Suppose -4*j - 9 = -49. List the prime factors of j.
2, 5
Let p(x) = -x**3 - 8*x**2 - 9*x - 9. What are the prime factors of p(-7)?
5
Suppose 0 = -2*v + 14 + 158. Suppose -5*a + 3*a + v = 0. What are the prime factors of a?
43
Suppose 0 = -4*v + 3 + 5, 2*q - 106 = v. List the prime factors of q.
2, 3
Let r(y) = 6*y**3 + 2*y**2 - y + 1. List the prime factors of r(2).
5, 11
Suppose 0 = 8*j - 4*j - 108. What are the prime factors of j?
3
Suppose 114 = -3*k + 8*k + 3*t, -2*k - 2*t = -48. Suppose -w = -4*w + k. What are the prime factors of w?
7
Suppose -2*m = -5*n - 5, 4*m = -3*n + 17 + 6. What are the prime factors of 48 - 12/(2 - m)?
2, 13
Let x = 2 + 1. Suppose x*g = -2*g. What are the prime factors of g + (-2)/1 + 16?
2, 7
Suppose 0 = 2*s + 3*g - 1, -1 = 2*g + 1. Suppose s*r + 31 = 4*p - 9, 4*r = -p + 28. List the prime factors of p.
2, 3
List the prime factors of (-178)/(-3) + 16/24.
2, 3, 5
Suppose -5*p + x + 56 = -x, 2*x + 36 = 3*p. List the prime factors of p.
2, 5
Let x be 1 + 3/6*2. Let t be -1*x*10*-1. Suppose p = 3*p - t. What are the prime factors of p?
2, 5
Suppose 0*t - 4*d - 8 = 4*t, 0 = 4*t + 5*d + 9. Let n be (-88)/(-4) + (t - 1). Suppose -5*o + 3*z = -68, 5*z + 0 = n. List the prime factors of o.
2
Let r = -21 - -44. List the prime factors of r.
23
Suppose -2*s + 51 = -o, 4*s + 5*o = -7 + 130. What are the prime factors of s?
3
Suppose l + 4*l - 29 = 3*x, -3 = 3*l + 5*x. Suppose 33 = -a + l*a. List the prime factors of a.
11
What are the prime factors of -4 + 3/((-3)/(-55))?
3, 17
Let u = -46 - -33. Let q = u - -21. What are the prime factors of q?
2
Suppose -4*h = 4*j - 692, 10*j - 9*j + 4*h = 185. What are the prime factors of j?
13
Let q = 58 + -35. List the prime factors of q.
23
Suppose t = b + 2, 2*t + 2*t = 0. What are the prime factors of 1*(2 + b) + 5?
5
Suppose 5*v - 15 = -0*v. List the prime factors of v.
3
What are the prime factors of (-3)/2*(3 - (-550)/(-6))?
7, 19
Let j(x) = x**2 - 1. Let n(u) = 5*u**2 + 4*u - 3. Let v(d) = -4*j(d) + n(d). Let y be v(-3). List the prime factors of 1/(-2)*(y - 2).
2
Let g = 49 + -9. Let f be (2 + -2)/(-1) + g. Let o = f - 26. List the prime factors of o.
2, 7
Let m = 47 - 34. List the prime factors of m.
13
Suppose 5*r - 5*q - 96 + 26 = 0, 5*r - 68 = 3*q. Suppose -2*n + r = -3*j, -3*j + 80 = 4*n + 27. What are the prime factors of n?
11
Let l = -10 - -10. Let o = 3 + l. Suppose -2*y = -0*b - 4*b - 30, -44 = -2*y - o*b. What are the prime factors of y?
19
Let m be (2/(-3))/(2/3). What are the prime factors of 1*46/2 - m?
2, 3
Let y be -1 - (-2 + 6)/(-1). Suppose y*f + 5*s - 25 = 0, -f + 14 = -0*f - 4*s. List the prime factors of f.
2, 5
Let z = 26 + -42. Let v = -5 - z. What are the prime factors of v?
11
Let p = 66 + -27. Suppose 2*n + 3*t + 52 = 0, n + t = 2*n + 26. Let o = p + n. List the prime factors of o.
13
Suppose 0*y - 8 = -2*y, o + 3*y = 56. What are the prime factors of o?
2, 11
Suppose 0 - 8 = -2*h. List the prime factors of h.
2
Suppose -3*g + 2 = -4. Suppose -6 - 8 = -g*s. List the prime factors of s.
7
Let u(t) = t**3 + t**2 + 4*t. What are the prime factors of u(5)?
2, 5, 17
Let g(v) = -v**2 - 5*v + 1. Let t be g(-5). Let z = 1 + t. Suppose -2*y - 2 = -2*n, -z = n + 5*y - 27. List the prime factors of n.
5
What are the prime factors of 12*(-4 + 80/12)?
2
Suppose 9*r - 10 = 4*r, 3*h + 3*r - 312 = 0. What are the prime factors of h?
2, 3, 17
Suppose -3*w = -f - 0 + 19, -2*w - 22 = 4*f. Let b(h) = -h**2 - 11*h - 6. What are the prime factors of b(w)?
2, 11
Suppose 6 = a + 7. Let t = 23 - a. List the prime factors of t.
2, 3
Suppose 8*q + 320 = 13*q. List the prime factors of q.
2
Let l(z) = 6*z. List the prime factors of l(7).
2, 3, 7
Let a = 7 + -13. Let u be 0 + a*(-1)/2. Suppose 1 = u*x + 5*q + 20, -q = 5. What are the prime factors of x?
2
List the prime factors of (-2 + 3)*((-87)/(-3) + -1).
2, 7
Suppose g + 108 = 3*g. Suppose 2*c + c = g. What are the prime factors of 5/25 - c/(-10)?
2
Let p(h) = h**2 + 5*h - 1. List the prime factors of p(-9).
5, 7
Suppose 0*m - 70 = -5*k - 2*m, 4*m - 68 = -4*k. List the prime facto